{"id":1686,"date":"2018-09-02T17:13:49","date_gmt":"2018-09-02T20:13:49","guid":{"rendered":"http:\/\/kanakapi.com\/newshop\/?page_id=1686"},"modified":"2025-11-28T03:45:36","modified_gmt":"2025-11-28T06:45:36","slug":"ordenes-y-cambios","status":"publish","type":"page","link":"https:\/\/en-hacore.com\/newshop\/ordenes-y-cambios\/","title":{"rendered":"\u00d3rdenes y cambios"},"content":{"rendered":"<p>[vc_row][vc_column width=&#8221;1\/4&#8243;][vc_column_text]<\/p>\n<h1 style=\"color: #888888;\"><strong>Pol\u00edtica de cambios<\/strong><\/h1>\n<p>[\/vc_column_text][\/vc_column][vc_column width=&#8221;3\/4&#8243;][vc_column_text css=&#8221;.vc_custom_1591134638342{margin-top: 30px !important;}&#8221;]Nuestros clientes cuentan con un plazo de 20 d\u00edas h\u00e1biles para ejercer su derecho al cambio de art\u00edculos fallados de forma presencial en el local.<\/p>\n<p>Para hacerlo deben presentar el ticket de compra y entregar la prenda fallada, que deber\u00e1 encontrarse en buen estado, es decir en las mismas condiciones en que fue enviado (sin haber sido usado, con embalaje y etiquetas originales).[\/vc_column_text][\/vc_column][\/vc_row]<\/p>\n","protected":false},"excerpt":{"rendered":"<p>[vc_row][vc_column width=&#8221;1\/4&#8243;][vc_column_text] Pol\u00edtica de cambios [\/vc_column_text][\/vc_column][vc_column width=&#8221;3\/4&#8243;][vc_column_text css=&#8221;.vc_custom_1591134638342{margin-top: 30px !important;}&#8221;]Nuestros clientes cuentan con un plazo de 20 d\u00edas h\u00e1biles para<\/p>\n","protected":false},"author":1,"featured_media":0,"parent":0,"menu_order":0,"comment_status":"closed","ping_status":"closed","template":"","meta":{"footnotes":""},"class_list":["post-1686","page","type-page","status-publish","hentry"],"_links":{"self":[{"href":"https:\/\/en-hacore.com\/newshop\/wp-json\/wp\/v2\/pages\/1686","targetHints":{"allow":["GET"]}}],"collection":[{"href":"https:\/\/en-hacore.com\/newshop\/wp-json\/wp\/v2\/pages"}],"about":[{"href":"https:\/\/en-hacore.com\/newshop\/wp-json\/wp\/v2\/types\/page"}],"author":[{"embeddable":true,"href":"https:\/\/en-hacore.com\/newshop\/wp-json\/wp\/v2\/users\/1"}],"replies":[{"embeddable":true,"href":"https:\/\/en-hacore.com\/newshop\/wp-json\/wp\/v2\/comments?post=1686"}],"version-history":[{"count":21,"href":"https:\/\/en-hacore.com\/newshop\/wp-json\/wp\/v2\/pages\/1686\/revisions"}],"predecessor-version":[{"id":18604,"href":"https:\/\/en-hacore.com\/newshop\/wp-json\/wp\/v2\/pages\/1686\/revisions\/18604"}],"wp:attachment":[{"href":"https:\/\/en-hacore.com\/newshop\/wp-json\/wp\/v2\/media?parent=1686"}],"curies":[{"name":"wp","href":"https:\/\/api.w.org\/{rel}","templated":true}]}}